?
False
Does 43 divide 1738?
False
Is 5 a factor of 950?
True
Is 71997 a multiple of 14?
False
Does 9 divide 18594?
True
Does 4 divide 58?
False
Does 149 divide 9834?
True
Is 604 a multiple of 13?
False
Is 30 a factor of 4290?
True
Does 71 divide 8413?
False
Is 52 a factor of 14461?
False
Is 153 a multiple of 9?
True
Does 22 divide 704?
True
Does 43 divide 49493?
True
Is 756 a multiple of 14?
True
Is 8 a factor of 6827?
False
Does 14 divide 862?
False
Does 4 divide 2049?
False
Is 453 a multiple of 21?
False
Does 6 divide 522?
True
Is 21 a factor of 51030?
True
Is 7089 a multiple of 139?
True
Is 12 a factor of 396?
True
Is 360 a multiple of 36?
True
Is 16038 a multiple of 21?
False
Is 331 even?
False
Is 4812 a multiple of 16?
False
Is 138223 a multiple of 32?
False
Does 36 divide 576?
True
Is 22 a factor of 1188?
True
Is 27 a factor of 629?
False
Does 50 divide 250?
True
Is 9718 a multiple of 43?
True
Is 54366 a multiple of 13?
True
Does 61 divide 674?
False
Does 101 divide 1818?
True
Is 34 a factor of 806?
False
Is 850 a multiple of 50?
True
Does 12 divide 700?
False
Does 63 divide 4413?
False
Is 4 a factor of 4960?
True
Is 324 a multiple of 27?
True
Is 19 a factor of 2065?
False
Is 37 a factor of 538?
False
Does 8 divide 2464?
True
Is 2550 a multiple of 17?
True
Is 10998 a multiple of 9?
True
Does 3 divide 426?
True
Does 18 divide 3150?
True
Is 125 a factor of 4125?
True
Is 42 a factor of 40235?
False
Is 5556 a multiple of 6?
True
Does 115 divide 535?
False
Is 2527 a multiple of 61?
False
Does 71 divide 3555?
False
Is 23 a factor of 680?
False
Is 948 a multiple of 79?
True
Is 83 a factor of 8234?
False
Is 23 a factor of 1731?
False
Is 37 a factor of 204?
False
Is 7 a factor of 3661?
True
Is 2373 a multiple of 5?
False
Does 29 divide 752?
False
Is 1691 a multiple of 19?
True
Is 11 a factor of 1990?
False
Is 4386 a multiple of 11?
False
Is 79 even?
False
Is 2 a factor of 13?
False
Is 5857 a multiple of 31?
False
Is 49 a factor of 4081?
False
Is 49 a factor of 2058?
True
Is 384 a multiple of 16?
True
Does 13 divide 416?
True
Is 6670 a multiple of 115?
True
Is 535 a multiple of 50?
False
Is 3 a factor of 264?
True
Is 5264 a multiple of 94?
True
Does 19 divide 204?
False
Does 117 divide 4599?
False
Does 16 divide 2496?
True
Is 31 a factor of 376?
False
Is 19 a factor of 2337?
True
Does 25 divide 2416?
False
Does 39 divide 2119?
False
Is 16 a factor of 113?
False
Is 5843 a multiple of 129?
False
Is 7 a factor of 129?
False
Is 75 a factor of 2325?
True
Does 44 divide 2508?
True
Is 4633 a multiple of 113?
True
Is 4 a factor of 199?
False
Is 25 a factor of 443?
False
Does 17 divide 12206?
True
Is 7774 a multiple of 4?
False
Does 28 divide 54096?
True
Does 19 divide 3094?
False
Is 106 a factor of 4700?
False
Is 858 a multiple of 8?
False
Is 3 a factor of 98?
False
Does 126 divide 113694?
False
Is 54 a factor of 10926?
False
Does 3 divide 186?
True
Does 14 divide 1833?
False
Is 526 a multiple of 4?
False
Is 760 a multiple of 20?
True
Does 13 divide 299?
True
Is 110 a factor of 15667?
False
Is 5280 a multiple of 44?
True
Does 2 divide 3448?
True
Is 24280 a multiple of 20?
True
Does 6 divide 178?
False
Does 12 divide 8820?
True
Does 82 divide 107?
False
Does 30 divide 124?
False
Is 10 a factor of 800?
True
Is 2 a factor of 94?
True
Does 56 divide 1120?
True
Does 9 divide 2376?
True
Is 38496 a multiple of 16?
True
Is 29340 a multiple of 45?
True
Does 32 divide 296?
False
Does 66 divide 24486?
True
Is 6 a factor of 1260?
True
Is 253 a multiple of 24?
False
Is 70 a factor of 762?
False
Is 16 a factor of 170595?
False
Does 51 divide 6069?
True
Is 7 a factor of 861?
True
Is 4770 a multiple of 6?
True
Is 9 a factor of 1605?
False
Is 1649 a multiple of 74?
False
Does 26 divide 35?
False
Does 42 divide 504?
True
Is 6 a factor of 3114?
True
Does 13 divide 8866?
True
Is 2422 a multiple of 14?
True
Is 2064 a multiple of 25?
False
Is 67 a factor of 722?
False
Does 7 divide 73?
False
Is 4890 a multiple of 10?
True
Is 23 a factor of 667?
True
Does 130 divide 130?
True
Is 14 a factor of 210?
True
Is 1056 a multiple of 8?
True
Is 496 a multiple of 31?
True
Is 1055 a multiple of 17?
False
Does 6 divide 4458?
True
Does 41 divide 2501?
True
Is 27 a factor of 16524?
True
Is 2560 a multiple of 80?
True
Does 148 divide 33152?
True
Is 10031 a multiple of 46?
False
Is 20 a factor of 496?
False
Does 31 divide 486?
False
Is 3429 a multiple of 9?
True
Is 4524 a multiple of 87?
True
Is 71 a factor of 26990?
False
Is 4830 a multiple of 9?
False
Is 11 a factor of 875?
False
Does 7 divide 7231?
True
Is 29250 a multiple of 6?
True
Is 299 a multiple of 19?
False
Does 7 divide 9820?
False
Is 4826 a multiple of 19?
True
Is 783 a multiple of 9?
True
Is 31980 a multiple of 164?
True
Is 43607 a multiple of 49?
False
Is 16 a factor of 144?
True
Is 12 a factor of 3180?
True
Does 4 divide 15932?
True
Does 16 divide 592?
True
Is 28530 a multiple of 9?
True
Is 1193 a multiple of 3?
False
Is 124 a multiple of 33?
False
Does 17 divide 146?
False
Is 23240 a multiple of 10?
True
Does 5 divide 3020?
True
Is 28 a factor of 616?
True
Is 2431 a multiple of 17?
True
Is 7 a factor of 167?
False
Is 17825 a multiple of 25?
True
Does 11 divide 973?
False
Does 39 divide 25350?
True
Is 15 a factor of 29625?
True
Is 7630 a multiple of 109?
True
Does 2 divide 1486?
True
Does 80 divide 4640?
True
Is 38 a factor of 897?
False
Is 229 a multiple of 2?
False
Does 58 divide 346?
False
Is 65 a multiple of 8?
False
Is 1018 a multiple of 49?
False
Is 249 a multiple of 15?
False
Is 16 a factor of 13200?
True
Does 51 divide 70555?
False
Is 58 a factor of 7946?
True
Is 11 a factor of 3862?
False
Does 10 divide 10?
True
Is 18700 a multiple of 220?
True
Is 170 a factor of 35870?
True
Is 13 a factor of 130?
True
Is 84 a factor of 4368?
True
Is 18057 a multiple of 39?
True
Is 37 a factor of 1184?
True
Is 25 a factor of 46541?
False
Does 74 divide 9324?
True
Does 9 divide 2100?
False
Is 15 a factor of 10173?
False
Is 103 a factor of 11937?
False
Does 5 divide 6?
False
Is 432 a multiple of 18?
True
Does 10 divide 90?
True
Is 138 a factor of 9549?
False
Is 33010 a multiple of 15?
False
Is 10 a factor of 580?
True
Does 22 divide 1606?
True
Is 89 a factor of 35155?
True
Does 20 divide 580?
True
Is 44844 a multiple of 137?
False
Is 3 a factor of 5444?
False
Is 1627 a multiple of 10?
False
Does 5 divide 170?
True
Is 1484 a multiple of 26?
False
Does 24 divide 1216?
False
Is 16 a factor of 4368?
True
Is 34 a factor of 4571?
False
Is 9 a factor of 1757?
False
Is 7 a factor of 10845?
False
Does 10 divide 138?
False
Is 22400 a multiple of 28?
True
Is 13 a factor of 7008?
False
Does 4 divide 150?
False
Is 29 a factor of 464?
True
Does 5 divide 37?
False
Does 36 divide 122110?
False
Does 6 divide 9144?
True
Is 133196 a multiple of 12?
False
Is 4 a factor of 16238?
False
Does 11 divide 3300?
True
Does 39 divide 10091?
False
Is 5507 a multiple of 19?
False
Is 14268 a multiple of 174?
True
Is 41 a factor of 29315?
True
Is 15300 a multiple of 50?
True
Is 7155 a multiple of 9?
True
Does 21 divide 1060?
False
Is 18 a factor of 26842?
False
Does 7 divide 5551?
True
Is 220 a factor of 37755?
False
Is 13 a factor of 5282?
False
Does 40 divide 67297?
False
Is 36 a factor of 242?
False
Is 141293 a multiple of 24?
False
Is 107 a multiple of 2?
False
Is 62 a factor of 83274?
False
Is 94 a multiple of 5?
False
Does 81 divide 4444?
False
Is 64 a factor of 7508?
False
Is 54 a factor of 515?
False
Is 33 a factor of 499?
False
Does 87 divide 1392?
True
Is 249 a multiple of 83?
True
Is 65 a factor of 1337?
False
Does 317 divide 4416?
False
Is 7 a factor of 2836?
False
Is 5400 a multiple of 36?
True
Is 54 a factor of 3294?
True
Is 9 a factor of 25830?
True
Is 16 a factor of 368?
True
Is 8880 a multiple of 45?
False
Does 53 divide 4982?
True
Is 13 a factor of 12961?
True
Is 25 a factor of 32422?
False
Is 60383 a multiple of 36?
False
Is 37 a factor of 2271?
False
Does 21 divide 563?
False
Is 17 a factor of 202?
False
Does 21 divide 11272?
False
Is 14451 a multiple of 39?
False
Does 8 divide 11346?
False
Is 161 a factor of 35098?
True
Is 152 a factor of 8208?
True
Is 6885 a multiple of 28?
False
Is 8 a factor of 3448?
True
Does 56 divide 14045?
False
Does 2 d